 - 4, 4*p = 2*v - 6. What is the highest common divisor of v and 7?
1
Let n(i) = 3*i**2 + 18*i + 6. Let h be ((-10)/30)/(-1 + 19/18). Let r be n(h). What is the highest common factor of 42 and r?
6
Let p = 67950 - 67671. Let v = -14 - -23. What is the greatest common factor of p and v?
9
Let b(k) = 514*k - 8669. Let l be b(24). What is the greatest common divisor of 19 and l?
19
Suppose -5*s - 4*p + 8088 = 0, -4*s - p + 6477 = -0*p. What is the greatest common factor of 40 and s?
20
Let z(f) = 34 - 15 - 78 - 686*f. Let o be z(-2). What is the highest common factor of 101 and o?
101
Let a be 3 + 2 + 2010/30. Calculate the highest common factor of a and 1044.
36
Let h = -658 - -667. Calculate the greatest common divisor of 33 and h.
3
Suppose 0 = 179*k - 166*k - 702. Let t be k/14*140/30. Let a(b) = b**3 - b**2 + b + 90. Let g be a(0). What is the highest common factor of t and g?
18
Let o(z) = 34*z + 7. Let y = -15 - -12. Let g = 7 + y. Let t be o(g). What is the greatest common divisor of t and 13?
13
Let y be 9/12 + 3/12 + 56. Let d = y + -55. Suppose 5*z + d*i - 197 = 4*i, 3*i + 81 = 2*z. What is the highest common divisor of 312 and z?
39
Suppose -2*z - 262 = -4*k + 40, 3*z + k = -453. Let f = 66 - z. Suppose 7*c = 8*c - f. What is the greatest common factor of 31 and c?
31
Let f(s) = 2*s**2 - 8*s - 2. Let b be f(7). Suppose 232 + 633 = 5*o. Let q = 189 - o. Calculate the greatest common factor of b and q.
8
Suppose 5*z - 10*z = -4*z - 3114. What is the highest common divisor of z and 27?
9
Let v(y) = -7*y**3 - 19*y**2 - 19*y + 8. Let p be v(-11). Calculate the greatest common factor of p and 5.
5
Suppose -699*y + 90087 + 28743 = 0. Let w(t) = 78*t - 3. Let l be w(2). What is the greatest common factor of y and l?
17
Suppose -10*f + 8*f + 2*p - 498 = 0, -9 = -3*p. Let l be (-2)/3*-133 + 164/f. Let m = 2 + 218. What is the highest common factor of l and m?
44
Let x(t) = -t**3 - 3*t**2 - 13*t - 101. Let m be x(-6). Suppose -5*b + 330 = -4*j, 0*j + m = b + 3*j. What is the greatest common divisor of b and 20?
10
Suppose 0 = -6*x + 11*x - 10. Let v be (x - (-124)/(-12))*(-3 - 0). Suppose 9*f + v - 250 = 0. Calculate the highest common factor of 225 and f.
25
Suppose -65 = -5*l - 5*w, -2*w = l + 4*l - 62. Let r = 16 - l. Let u be r/26 - (-1905)/39. What is the highest common divisor of u and 7?
7
Let m = 690 + -642. What is the highest common factor of m and 2976?
48
Let s = -327 - -243. Let t be s/(-44) - 2/(-22). Let a be (-5 + 0)*(-44)/10. What is the greatest common factor of t and a?
2
Let p(s) = 18*s - 10. Let o be p(7). Let i be (-45)/(1 + 5 + -7). Suppose 37*f = i*f - 1392. Calculate the highest common factor of f and o.
58
Let s(l) = -28*l**3 + l + 1. Let c be s(-1). Let w(a) = -145*a**3 - 58*a**2 + 10*a - 12. Let d be w(-2). What is the greatest common factor of d and c?
28
Suppose 0 = -16*v + 4438 - 2470. Calculate the greatest common factor of v and 75.
3
Suppose -24*m - 9*m + 14751 = 0. Let p = m + 49. What is the greatest common divisor of 31 and p?
31
Let h = 19875 - 19873. Calculate the highest common divisor of 2306 and h.
2
Let m = -878 + 1065. Calculate the greatest common divisor of 209 and m.
11
Suppose 0*g - 820 = -5*g. Calculate the greatest common factor of g and 12.
4
Let m = -57 - -148. Suppose 86*u + 265 = m*u. What is the greatest common factor of 265 and u?
53
Suppose 4*o = -4*k + 948, 0*k - 2*k - 5*o = -483. Suppose 0 = 9*m - k - 108. Let u = 398 - -20. Calculate the greatest common factor of u and m.
38
Let m be 3 - ((7 - -4) + -4). Let p be -656*2*1/8*m. What is the highest common factor of 41 and p?
41
Let n = -315 - -675. Let x = 19943 + -19934. Calculate the highest common divisor of x and n.
9
Suppose 10*m - 3*m = 4788. Let j(u) = 79*u + 115. Let g be j(-1). What is the highest common factor of m and g?
36
Let l(z) = 20*z + 287. Let m be l(-11). Suppose -7*k + 3350 = 18*k. Calculate the greatest common divisor of m and k.
67
Let u = -14460 - -14466. Calculate the highest common divisor of 2481 and u.
3
Let u(w) be the first derivative of -3*w**2 + 58*w - 56. Let y be u(-9). Calculate the highest common factor of y and 8.
8
Let a = 22131 - 22117. Calculate the greatest common factor of a and 5614.
14
Let y(g) = -g**2 - 10*g + 95. Let d be y(-15). Suppose -28*q = -d*q - 512. Suppose -38 - 42 = -5*x. Calculate the highest common factor of q and x.
16
Let j be (-20)/50 + (-67)/(-5). Suppose -5*m - 7 - 13 = 5*d, 2*d + m + j = 0. Let t = 13 - d. Calculate the highest common divisor of t and 33.
11
Let i(n) = -5*n**2 + 3*n + 2. Let u = -19 + 22. Let q be i(u). Let v = -28 - q. What is the greatest common divisor of v and 18?
6
Suppose 5 = 4*z + z. Let s(r) = 2*r**3 - 22*r**2 + 60*r. Let m be s(5). Let j be (-156)/(m + -4)*z. What is the highest common divisor of 156 and j?
39
Suppose -1749*c = -1699*c - 34850. Calculate the greatest common factor of c and 779.
41
Let y = -1053 - -2229. Let n(l) = -8*l - 55. Let w be n(-13). Calculate the highest common divisor of w and y.
49
Let b(o) = o**3 + 3*o**2 - 4*o - 4. Suppose 2*p - 16 = 10*p. Let h be b(p). Suppose -382 = -h*q - 94. Calculate the highest common divisor of q and 180.
36
Suppose -3061 = -13*u + 1086. Let b(l) = -8*l - 5. Let i be b(-2). What is the highest common factor of i and u?
11
Suppose 4*i - 10 - 2 = 0. Let n = 46 - 44. Let w be ((-1)/n)/(2/(-12)). What is the highest common divisor of w and i?
3
Let q be (-5 + 5 + 1)/((-2)/(-6)). Suppose q*a = -15, -2*a - 14 = v - 8. Suppose 2*h + 3*h = 10. Calculate the greatest common divisor of v and h.
2
Let t = 506 - 502. Suppose 5*n + 400 = 5*f, 6*f + 2*n = t*f + 176. Calculate the greatest common divisor of 63 and f.
21
Let c be 1*((-1442)/(-14) - 18). Calculate the greatest common factor of 15980 and c.
85
Suppose -4592*j + 4546*j = -17802. Let g = 20 + -11. What is the highest common divisor of j and g?
9
Let y(m) = 5*m + 24. Let x be y(-4). Suppose 2*q - 41 = -3*j, j + 4*j - x*q = 83. What is the highest common factor of j and 240?
15
Suppose -2*k + 4*q = -112, -5*k - 12*q + 16*q + 292 = 0. Calculate the highest common factor of 255 and k.
15
Suppose 0 = 3860*b - 3864*b + 10664. Calculate the greatest common factor of 86 and b.
86
Let d = 26 - 22. Let m be ((-16)/10)/(21/(-105)) - d. What is the highest common factor of m and 26?
2
Let f be 6/(-15) - (-12)/5 - (-1092 + 773). What is the greatest common divisor of f and 1?
1
Suppose 0*m = 3*m - q - 30, 0 = m + 3*q - 10. Let x = -7 + m. Let d be -16 - (-4 + -2) - -11. What is the greatest common divisor of d and x?
1
Suppose -30*d + 6617 - 1007 = 0. What is the greatest common factor of 11968 and d?
187
Let i be (0 - -7)*(-63)/49*(-34)/9. Calculate the greatest common factor of 18938 and i.
34
Let r = -29579 - -29705. Calculate the highest common factor of 91 and r.
7
Let p(f) = f**3 - 7*f**2 + 8*f - 18. Let u be p(6). Let o be u/((-18)/(-4) - 5). What is the highest common factor of 30 and o?
6
Let j(k) = -k**3 + 2*k**2 + 23*k - 108. Let d be j(-6). What is the highest common factor of 784 and d?
14
Let o be 10*(-11)/(-55) + 142. Let q = -240 + 101. Let b = q + o. What is the highest common divisor of b and 15?
5
Suppose -n = -16*p + 17*p - 3, -5*n = -2*p - 15. Let l be (p - 0 - -10)*(-99)/(-15). What is the highest common factor of l and 22?
22
Let j(g) = 23*g - 73. Let t be j(4). Let r(d) = d**3 - 17*d**2 - 34*d - 66. Let c be r(t). Calculate the greatest common factor of c and 290.
10
Suppose -r = r - 22. Let g = -99 + -122. Let q = -177 - g. What is the greatest common divisor of q and r?
11
Suppose -5*l - c - 68 - 159 = 0, -3*c + 219 = -5*l. Let w be 24/(-30)*3395/(-28). Let f = l + w. What is the greatest common factor of f and 26?
26
Suppose y = -4*y - 4*t + 169, 5*y + 2*t = 167. Let u be (0*1/(-4))/(-2). Suppose u = 5*z - 23 - 307. What is the greatest common factor of y and z?
33
Let u(i) = -3*i**2 - 25*i - 23. Let d be u(-7). Let l(h) = -6*h + 36. Let x be l(d). Calculate the greatest common divisor of x and 48.
6
Let l(x) = 0*x + 4*x - x**3 + 7*x**2 + 8*x - 19*x + 3. Let d = 127 - 122. Let y be l(d). Calculate the greatest common divisor of 12 and y.
6
Let n(p) = -p - 13. Let b be n(-13). Let u(l) = l**2 + 6*l - 12. Let c be u(-11). Suppose 3*v